46*b + 46596 = 0. What is the thousands digit of b?
1
Let x be 24/(-18) - (-2)/6. Let u be (4/(-7))/((-8)/28). What is the units digit of (-1)/(x/u) - -22?
4
Let b = 16 - 14. Suppose -3*y + 9 = b*j - 44, -5*j = 3*y - 146. What is the units digit of j?
1
Let q(k) = 3*k**3 - 12*k - 24 - 4*k**3 + 14 + 12*k**2. What is the tens digit of q(8)?
5
Let d(t) = 157*t**3 + t**2 - 7*t - 3. Let k be d(-3). Let p be k/(-65) + 1/5. What is the tens digit of (4 - 1)*p/15?
1
Let c(i) = 4*i**2 - 43*i - 154. What is the units digit of c(-13)?
1
Let k(d) = d**3 + 6*d**2 + 8*d + 1. Let i be k(-4). Let p(z) = -z**3 + 6*z**2 - 4*z - 1. Let n be p(4). Suppose i - n = -s. What is the units digit of s?
4
Let a = -8047 + 11388. What is the thousands digit of a?
3
What is the tens digit of (-3184)/(-8) + (-3)/(9/15)?
9
Suppose -4*l = -66 - 126. Suppose 3*m - l = 243. What is the units digit of m?
7
Let b = -188 - -115. Let p = b + 112. What is the units digit of p?
9
Suppose 10 = -4*k + 5*s, -3*k + 5*s + 6 - 16 = 0. Suppose k = -3*w - w + 2*q + 230, -3*w + q = -173. What is the tens digit of w?
5
Let w(i) = -i - 9. Let d = -37 + 23. Let l be w(d). Suppose 111 = l*j - 34. What is the tens digit of j?
2
Let j be (-3 + 4)/1*-2. Let r be 8 + (-1 - 1)/2 + 0. What is the tens digit of j/r - 928/(-14)?
6
Suppose -4*a = -7*a + 798. Suppose -5*i - 56 = -a. What is the tens digit of i?
4
Suppose -4*v = -5*z - 19, z - 3*v + 7 = v. Let k be (z + 3)/(-1*4). Suppose 2*w + 6 = 0, 2*l + k*l - 54 = 4*w. What is the tens digit of l?
2
Let l = 108 + -87. Suppose -27*n + 1086 = -l*n. What is the hundreds digit of n?
1
Let d(a) = 3*a**3 + 16*a**2 - 6*a + 42. What is the units digit of d(7)?
3
Let n = 66 - 57. Suppose 7*w - n*w = -100. What is the tens digit of w?
5
Let t(s) = -8*s + 1. Let p be t(1). What is the units digit of p/14*(-56)/1?
8
Let n be 4 + -5 + (-8)/(-2). Let t be 5/(-2) + n/6. What is the units digit of (1 + 1)*(4 - t)?
2
Let j(o) = 4*o**2 + 7*o + 27. Let a be j(-9). Suppose 10*t - 1502 = a. What is the tens digit of t?
7
Let g(w) = -17*w - 5. Let u be g(2). Let p = u - -119. What is the tens digit of p?
8
Let j(o) = o**3 + 11*o**2 + o + 15. Let d be j(-11). Suppose -d*v = -0*v - 432. What is the tens digit of v?
0
Let h(t) = 3*t**2 + 1. Let i be h(-1). Suppose -22 = 2*m - i. What is the units digit of 0 + (0 - 0) - m?
9
Let q be (-15921)/(-54) - 3/(-18). Suppose -43*d + 48*d - q = 0. What is the tens digit of d?
5
Let g(v) = -v**3 - 13*v**2 - 2*v - 21. Let j be g(-13). Suppose 5*h - 600 = -j*z, -592 = -5*z + 2*h + h. What is the units digit of z?
9
Let v(c) be the first derivative of c**4/4 + 10*c**3/3 + 5*c**2/2 + 12*c + 15. What is the tens digit of v(-8)?
0
Let w(y) be the second derivative of 5*y**2 - 1/12*y**4 - 6*y + 7/3*y**3 + 0. What is the units digit of w(11)?
3
Let y be (134/4 - 7)/(1/10). What is the tens digit of 3/(270/y + 3/(-3))?
5
Suppose -2508 = -4*l - 4*c, -4*l + 3084 - 594 = -2*c. What is the tens digit of l?
2
Suppose 14*x - 13*x - 247 = 0. Let m = x - 173. Suppose 4*a + h - m = -22, -h - 13 = -a. What is the units digit of a?
3
Let h be 3/(400/(-134) - -3). Let p = h + -120. What is the tens digit of p?
8
Suppose 2*l = -4*p + 26, 41 = -2*p + 6*p + 5*l. Suppose 0 = -3*o + p*o - 2*f - 90, -450 = -5*o - 2*f. What is the units digit of o?
0
Let v(w) be the first derivative of 23*w**2 + 2*w + 5. Let s be v(2). Suppose -3*k + s = -k - 5*p, 4*p = 3*k - 127. What is the tens digit of k?
3
Suppose -3*n + l - 280 = 0, 3*n + 0*n + 292 = 4*l. Let w = n + 159. What is the units digit of w?
7
Let s = -4 - 23. Let x = s - -44. What is the tens digit of x?
1
Let i = 287 + -28. What is the hundreds digit of i?
2
What is the tens digit of (-13)/(-26)*(-58536)/(-9)?
5
Suppose 0 = 9*l - 5*l - 4. Suppose 5*m = 0, 5*s - 5*m + 0 + 5 = 0. What is the units digit of (8 - 0) + l/s?
7
Suppose 2*a = 5*h + 537, -5*a - 4*h = -4*a - 249. What is the units digit of a?
1
Let u = -9 + 12. Suppose 0*d + 253 = 4*o - d, -u*d + 295 = 5*o. What is the units digit of o?
2
Let c(x) = 19*x**2 + 142*x - 8. What is the units digit of c(-13)?
7
Let i(m) = 737*m + 20. What is the tens digit of i(1)?
5
Suppose -4*m = -4*z - 6416, 2*z + 3207 = 2*m + z. What is the hundreds digit of m?
6
Let i = -20 + 491. Suppose 4*p - 2*p + 376 = 4*v, -5*v + 2*p = -i. Let n = v - 47. What is the tens digit of n?
4
Suppose 3*o + 0*j = 4*j + 20, -5*o - 5*j - 25 = 0. Suppose 3*w - 61 + 19 = o. What is the tens digit of w?
1
Suppose -15873 = -23*q - 16*q. What is the units digit of q?
7
Let s(k) be the third derivative of -13*k**4/6 + 7*k**3/6 + 16*k**2. What is the tens digit of s(-2)?
1
Suppose 5*j - 5*y = 0, -2*y + 7*y = 20. Let q(c) = c**2 + c - 2. What is the tens digit of q(j)?
1
Let u(p) = -427*p + 8. Let c be u(-7). What is the units digit of c/63 + 6/14?
8
Suppose -2555 = -4*n - f, -n + 815 = 3*f + 179. Suppose -4*p - 124 = -g, -7*g + 2*g = -p - n. What is the tens digit of g?
2
Suppose -5*l + 3*z + 7627 = 0, -4*z + 983 = l - 547. What is the tens digit of l?
2
Let l = -31 - -33. What is the units digit of l - 0 - (-1 + -49)?
2
Suppose 2*t - 1672 = -0*t + 3*l, -2493 = -3*t - 3*l. What is the units digit of t?
3
Suppose c - 24 = -5*f, -4*c + f + 3*f = -24. Let r be ((-15)/c)/((-5)/(-45)). Let q = 6 - r. What is the tens digit of q?
2
Suppose -2*a = -q + 29, a = q + 2*q - 12. Let n be 5/a + (-2)/(-6). Suppose 5*d - 6 = m, -5*d - 2*m + n + 3 = 0. What is the units digit of d?
1
Suppose -125*b + 107807 = 24432. What is the hundreds digit of b?
6
Let s be 28/42*(-12)/1. Let m be 1617/28 + (-2)/s. Suppose -5*d = -3*u - 84, -2*u + 0*u + m = 3*d. What is the tens digit of d?
1
Suppose 0 = -4*c + 8*c - 296. Suppose -4*k = -230 + c. What is the units digit of k?
9
Suppose 2*m + 105 = -3*m. What is the units digit of (0 + m)*(-8)/28?
6
Suppose 5*v - 8*g = -3*g + 5, 9 = 3*v + 3*g. Suppose 0 = -2*t + v, 4*t + 0*t + 161 = 5*q. What is the units digit of q?
3
Let a = 272 - 117. Let t = a + -87. What is the tens digit of t?
6
Let q(r) = -r**3 - 6*r**2 + 7*r + 2. Let k be q(-7). Suppose -3*z + 4*z - 65 = 0. Suppose k*n + 5*p = 27 + 58, -n + 5*p + z = 0. What is the tens digit of n?
5
Let o(r) = -39*r - 5. Let n be o(-4). Let q = n - 95. What is the units digit of q?
6
Let u(m) = 1. Let g(s) = -s**2 + 2. Let i(d) = -2*g(d) + 5*u(d). Let h be i(-1). Let n = h + 26. What is the units digit of n?
9
Let r(m) be the third derivative of m**6/720 + 4*m**5/15 - m**4/4 + 7*m**2. Let s(k) be the second derivative of r(k). What is the units digit of s(0)?
2
Let x(q) = -q**3 - q**2 + 2*q - 66. Let w be x(0). Let d = w + 135. What is the tens digit of d?
6
Let t(h) = -13*h**2 - 14*h - 9. Let c(p) = -6*p**2. Let z be c(-1). Let o(d) = 7*d**2 + 7*d + 5. Let q(i) = z*t(i) - 11*o(i). What is the units digit of q(-8)?
7
Let r(b) = -b**2 + 15*b + 7. Let h be r(9). Suppose 2*w - h = w. Let x = w + -43. What is the tens digit of x?
1
Suppose 178*i - 869 = 167*i. What is the tens digit of i?
7
Suppose 3*z = -z + 8. Let v = -309 - -331. Let w = v - z. What is the units digit of w?
0
Suppose -885 = 3*v + 2*v. Let a = 99 + v. Let f = -55 - a. What is the tens digit of f?
2
Suppose 5*k + 315 = 5*b, 2*b - 4*k + 0*k = 124. Suppose 5*f = f + b. What is the units digit of f?
6
Let j(i) = 3*i**2 + 61*i - 35. What is the hundreds digit of j(-24)?
2
Let n(d) = d**3 + 8*d**2 - 6*d - 5. Let q = 30 - 22. Suppose 2*o + q = o. What is the units digit of n(o)?
3
Let j be 10/(-4)*24/(-20). Suppose j*n - 22 + 7 = 0. Suppose 2*d + 21 = n*d. What is the units digit of d?
7
Suppose -64 = -5*p + 4*m, -3*p - 2*p - 4*m + 96 = 0. Suppose p*b = 17*b. Suppose 5*v + q - 3 = 14, -2*v + 2*q + 2 = b. What is the units digit of v?
3
Suppose -4*s + 4*w + 44 = -s, -25 = -5*s - 3*w. Let l be 12/(-18)*(-3)/1. What is the tens digit of s*(3 + (-2)/l)?
1
Let x = -34 - -37. What is the hundreds digit of (60/16)/(x/100)?
1
Let m(n) = n**3 + 10*n**2 - 7*n + 4. What is the tens digit of m(-8)?
8
Let h(y) = y**2 - 7*y + 12. Let j be h(8). Suppose s - 6 = 3*n - j, -2*n = -3*s - 14. Let l = 14 - s. What is the units digit of l?
6
Let t(y) = -y**3 - 2*y - 5. Let k be t(-3). Let p = k + -2. What is the units digit of p?
6
Let q(y) = y**3 + 26*y**2 + 20*y + 42. What is the hundreds digit of q